{"id":4164,"date":"2021-05-07T13:04:39","date_gmt":"2021-05-07T11:04:39","guid":{"rendered":"https:\/\/www.tecnoidea.it\/?page_id=4164"},"modified":"2022-03-02T12:24:50","modified_gmt":"2022-03-02T11:24:50","slug":"privacy-policy","status":"publish","type":"page","link":"https:\/\/www.tecnoidea.it\/fr\/privacy-policy\/","title":{"rendered":"Privacy policy"},"content":{"rendered":"<h1>Informativa ai sensi del Regolamento 2016\/679 relativo al trattamento dei dati personali.<\/h1>\n<p>Vi informiamo, ai sensi dell&#8217;art. 13 e 14 del Regolamento in oggetto, recante disposizioni a tutela delle persone e di altri soggetti rispetto al trattamento dei dati personali, che i dati personali e sensibili da Voi forniti ovvero altrimenti acquisiti nell&#8217;ambito della nostra attivit\u00e0, potranno formare oggetto di trattamento, nel rispetto delle disposizioni sopra richiamate e degli obblighi di riservatezza e di segreto professionale cui \u00e8 ispirata la nostra attivit\u00e0.<\/p>\n<h3>1. I dati verranno trattati per le seguenti finalit\u00e0<\/h3>\n<p><strong>a) Finalit\u00e0 strettamente connesse o strumentali all&#8217;attivit\u00e0 della nostra Societ\u00e0:<\/strong><br \/>\ni.\u00a0\u00a0 Per adempiere o per esigere l\u2019adempimento di specifici obblighi o per eseguire specifici compiti previsti da leggi, dalla normativa comunitaria, da regolamenti in particolare ai fini del rispetto della normativa in materia fiscale, contabile, giuridica, amministrativa, di tutela della salute, dell\u2019ordine e sicurezza pubbliche.<br \/>\nii.\u00a0\u00a0 Per l\u2019esercizio del\u00a0 diritto di accesso ai documenti amministrativi nel rispetto di quanto stabilito dalle leggi e dai regolamenti in materia.<br \/>\niii.\u00a0\u00a0 Per l\u2019acquisizione di informative precontrattuali attivate su Vostra richiesta<br \/>\niv.\u00a0\u00a0 Per dare esecuzione al servizio ed alle operazioni contrattualmente convenute.<br \/>\nv.\u00a0\u00a0 Per la programmazione delle attivit\u00e0, pianificazione e monitoraggio dei compiti, del volume di lavoro e delle prestazioni lavorative.<br \/>\nvi.\u00a0\u00a0 Per la valutazione dell&#8217;avanzamento del servizio concordato e dell&#8217;andamento dei rapporti, con riferimento anche alla proposizione di estensione del Servizio alle prestazioni supplementari eventualmente attivate dopo la sottoscrizione della proposta di contratto.<br \/>\nvii.\u00a0\u00a0 Per servizi di controllo interno della sicurezza, della produttivit\u00e0, della qualit\u00e0 dei servizi e dell\u2019integrit\u00e0 del patrimonio.<\/p>\n<p>Il conferimento dei dati personali per tali finalit\u00e0 \u00e8 obbligatorio e l&#8217;eventuale rifiuto comporter\u00e0 l\u2019impossibilit\u00e0 ad instaurare rapporti di collaborazione.<\/p>\n<p><strong>b)\u00a0\u00a0 Finalit\u00e0 accessorie all&#8217;attivit\u00e0 della nostra Societ\u00e0:<\/strong><\/p>\n<p>Potr\u00e0 essere effettuato il trattamento di dati quali: dati anagrafici societari, informazioni economiche, visure camerali, \u00a0storico acquisti ecc.:<br \/>\ni.\u00a0\u00a0 Per la rilevazione del grado di soddisfazione del Cliente sulla qualit\u00e0 dei servizi resi.<br \/>\nii.\u00a0\u00a0 Per lo svolgimento di attivit\u00e0 economiche, nel rispetto della vigente normativa, ai fini di informazione commerciale, invio di materiale pubblicitario, vendita diretta di beni o servizi, nostri o di nostri partner, ovvero per il compimento di ricerche di mercato o di comunicazione commerciale interattiva, sia tramite servizi postali sia con strumenti telematici.<\/p>\n<p>Il conferimento dei dati personali per tali finalit\u00e0 non \u00e8 obbligatorio.<\/p>\n<h3>2. Modalit\u00e0 di raccolta<\/h3>\n<p>I dati sono raccolti presso l&#8217;interessato o presso terzi, per via diretta, telefonica, telematica o cartacea. In relazione alle finalit\u00e0 indicate, il trattamento dei dati avviene mediante strumenti manuali, informatici e telematici con logiche strettamente correlate alle finalit\u00e0 stesse e comunque in modo tale da garantire la sicurezza e la riservatezza dei dati stessi.<\/p>\n<h3>3. Ambito di comunicazione e diffusione<\/h3>\n<p>A)\u00a0 I vostri dati detenuti potranno essere comunicati a soggetti cui disposizioni di legge danno facolt\u00e0 di accesso ovvero soggetti ai quali si renda necessaria la comunicazione per lo svolgimento della nostra attivit\u00e0 economica, tra i quali societ\u00e0, enti privati o pubblici (ad esempio: Agenzia delle entrate, spedizionieri, servizi postali, agenzie bancarie ed assicurative, altri professionisti esercenti attivit\u00e0 economiche, ecc.), la cui attivit\u00e0 sia connessa, strumentale o di supporto a quella della nostra Societ\u00e0 o a quella relativa ai servizi a Voi riferiti.<br \/>\nIl conferimento dei dati personali per tali finalit\u00e0 \u00e8 obbligatorio; il rifiuto di fornirli comporta l&#8217;impossibilit\u00e0 a prestare il servizio.<br \/>\nB)\u00a0 I vostri dati non saranno diffusi.<\/p>\n<h3>4. Base giuridica del trattamento<\/h3>\n<p>Per le finalit\u00e0 di cui al punto 1a.i e 1a.ii &#8211; adempimento obbligo di legge: quando il trattamento dei dati \u00e8 imposto da una legge, regolamento, etc.;<br \/>\nPer le finalit\u00e0 di cui al punto 1a.iii, 1a.iv, 1a.v e 1a.vi &#8211; esecuzione di un contratto o di previsioni precontrattuali: quando il trattamento \u00e8 necessario per adempiere ad un contratto voluto dall&#8217;interessato;<br \/>\nPer le finalit\u00e0 di cui al punto 1a.vii interesse legittimo del Titolare: quando il trattamento \u00e8 necessario per esigenze specifiche del titolare a condizione che il trattamento non sia eccessivamente invasivo per l&#8217;interessato;<br \/>\nPer le finalit\u00e0 di cui al punto 1b &#8211; consenso dell&#8217;interessato: quando il trattamento dei dati viene esplicitamente autorizzato dall&#8217;interessato per una o pi\u00f9 specifiche finalit\u00e0;<\/p>\n<h3>5. Periodo di conservazione dei dati<\/h3>\n<p>I dati saranno conservati per un periodo non superiore a quello previsto dalle norme di legge per ogni singolo trattamento.<\/p>\n<h3>6. Diritto di accesso ai dati personali ed altri diritti<\/h3>\n<p>1.\u00a0 L&#8217;interessato ha diritto di ottenere la conferma dell&#8217;esistenza o meno di dati personali che lo riguardano, anche se non ancora registrati, e la loro comunicazione in forma intelligibile.<\/p>\n<p><strong>2.\u00a0 L\u2019interessato ha diritto di ottenere l\u2019indicazione:<\/strong><br \/>\na)\u00a0 dell\u2019origine dei dati personali;<br \/>\nb)\u00a0 delle finalit\u00e0 e modalit\u00e0 del trattamento;<br \/>\nc)\u00a0 della logica applicata in caso di trattamento effettuato con l\u2019ausilio di strumenti elettronici;<br \/>\nd)\u00a0 degli estremi identificativi del titolare, dei responsabili e del rappresentante designato;<br \/>\ne)\u00a0 dei soggetti o delle categorie di soggetti ai quali i dati personali possono essere comunicati o che possono venirne a conoscenza in qualit\u00e0 di rappresentante designato nel territorio dello Stato, di responsabili o incaricati.<\/p>\n<p><strong>3.\u00a0 L\u2019interessato ha inoltre diritto di:<\/strong><br \/>\na)\u00a0 ottenere l&#8217;aggiornamento, la rettifica, l&#8217;integrazione, la cancellazione, la revoca la trasformazione in forma anonima o la limitazione al trattamento dei dati trattati in violazione di legge, compresi quelli di cui non \u00e8 necessaria la conservazione in relazione agli scopi per i quali i dati sono stati raccolti o successivamente trattati;<br \/>\nb)\u00a0 ottenere l&#8217;attestazione che le operazioni di cui alle lettere a) e b) sono state portate a conoscenza, anche per quanto riguarda il loro contenuto, di coloro ai quali i dati sono stati comunicati o diffusi, eccettuato il caso in cui tale adempimento si rivela impossibile o comporta un impiego di mezzi manifestamente sproporzionato rispetto al diritto tutelato.<br \/>\nc)\u00a0 presentare reclamo all\u2019autorit\u00e0 di controllo in caso di trattamento illecito dei dati personali<br \/>\nd)\u00a0 ricevere comunicazioni in caso di violazioni dei dati<\/p>\n<p><strong>4.\u00a0 L\u2019interessato ha diritto di opporsi, in tutto o in parte:<br \/>\n<\/strong>a)\u00a0 per motivi legittimi al trattamento dei dati personali che lo riguardano, ancorch\u00e9 pertinenti allo scopo della raccolta;<\/p>\n<p>Il titolare del trattamento dei dati: TECNOIDEA Impianti S.r.l., Via Beato Angelico, 15, 20900 Monza MB<br \/>\nIl responsabile del trattamento e della protezione dei dati: ing. Matteo Parolini<\/p>\n","protected":false},"excerpt":{"rendered":"<p>Informativa ai sensi del Regolamento 2016\/679 relativo al trattamento dei dati personali. Vi informiamo, ai sensi dell&#8217;art. 13 e 14 del Regolamento in oggetto, recante disposizioni a tutela delle persone e di altri soggetti rispetto al trattamento dei dati personali, che i dati personali e sensibili da Voi forniti ovvero altrimenti acquisiti nell&#8217;ambito della nostra [&#8230;]<\/p>\n<p><a class=\"btn btn-secondary understrap-read-more-link\" href=\"https:\/\/www.tecnoidea.it\/fr\/privacy-policy\/\">Lire la suite&#8230;<\/a><\/p>\n","protected":false},"author":1,"featured_media":0,"parent":0,"menu_order":0,"comment_status":"closed","ping_status":"open","template":"page-templates\/privacy.php","meta":{"inline_featured_image":false,"footnotes":""},"class_list":["post-4164","page","type-page","status-publish","hentry"],"_links":{"self":[{"href":"https:\/\/www.tecnoidea.it\/fr\/wp-json\/wp\/v2\/pages\/4164","targetHints":{"allow":["GET"]}}],"collection":[{"href":"https:\/\/www.tecnoidea.it\/fr\/wp-json\/wp\/v2\/pages"}],"about":[{"href":"https:\/\/www.tecnoidea.it\/fr\/wp-json\/wp\/v2\/types\/page"}],"author":[{"embeddable":true,"href":"https:\/\/www.tecnoidea.it\/fr\/wp-json\/wp\/v2\/users\/1"}],"replies":[{"embeddable":true,"href":"https:\/\/www.tecnoidea.it\/fr\/wp-json\/wp\/v2\/comments?post=4164"}],"version-history":[{"count":2,"href":"https:\/\/www.tecnoidea.it\/fr\/wp-json\/wp\/v2\/pages\/4164\/revisions"}],"predecessor-version":[{"id":6434,"href":"https:\/\/www.tecnoidea.it\/fr\/wp-json\/wp\/v2\/pages\/4164\/revisions\/6434"}],"wp:attachment":[{"href":"https:\/\/www.tecnoidea.it\/fr\/wp-json\/wp\/v2\/media?parent=4164"}],"curies":[{"name":"wp","href":"https:\/\/api.w.org\/{rel}","templated":true}]}}

<h1>Informativa ai sensi del Regolamento 2016/679 relativo al trattamento dei dati personali.</h1>
<p>Vi informiamo, ai sensi dell&#8217;art. 13 e 14 del Regolamento in oggetto, recante disposizioni a tutela delle persone e di altri soggetti rispetto al trattamento dei dati personali, che i dati personali e sensibili da Voi forniti ovvero altrimenti acquisiti nell&#8217;ambito della nostra attività, potranno formare oggetto di trattamento, nel rispetto delle disposizioni sopra richiamate e degli obblighi di riservatezza e di segreto professionale cui è ispirata la nostra attività.</p>
<h3>1. I dati verranno trattati per le seguenti finalità</h3>
<p><strong>a) Finalità strettamente connesse o strumentali all&#8217;attività della nostra Società:</strong><br />
i.   Per adempiere o per esigere l’adempimento di specifici obblighi o per eseguire specifici compiti previsti da leggi, dalla normativa comunitaria, da regolamenti in particolare ai fini del rispetto della normativa in materia fiscale, contabile, giuridica, amministrativa, di tutela della salute, dell’ordine e sicurezza pubbliche.<br />
ii.   Per l’esercizio del  diritto di accesso ai documenti amministrativi nel rispetto di quanto stabilito dalle leggi e dai regolamenti in materia.<br />
iii.   Per l’acquisizione di informative precontrattuali attivate su Vostra richiesta<br />
iv.   Per dare esecuzione al servizio ed alle operazioni contrattualmente convenute.<br />
v.   Per la programmazione delle attività, pianificazione e monitoraggio dei compiti, del volume di lavoro e delle prestazioni lavorative.<br />
vi.   Per la valutazione dell&#8217;avanzamento del servizio concordato e dell&#8217;andamento dei rapporti, con riferimento anche alla proposizione di estensione del Servizio alle prestazioni supplementari eventualmente attivate dopo la sottoscrizione della proposta di contratto.<br />
vii.   Per servizi di controllo interno della sicurezza, della produttività, della qualità dei servizi e dell’integrità del patrimonio.</p>
<p>Il conferimento dei dati personali per tali finalità è obbligatorio e l&#8217;eventuale rifiuto comporterà l’impossibilità ad instaurare rapporti di collaborazione.</p>
<p><strong>b)   Finalità accessorie all&#8217;attività della nostra Società:</strong></p>
<p>Potrà essere effettuato il trattamento di dati quali: dati anagrafici societari, informazioni economiche, visure camerali,  storico acquisti ecc.:<br />
i.   Per la rilevazione del grado di soddisfazione del Cliente sulla qualità dei servizi resi.<br />
ii.   Per lo svolgimento di attività economiche, nel rispetto della vigente normativa, ai fini di informazione commerciale, invio di materiale pubblicitario, vendita diretta di beni o servizi, nostri o di nostri partner, ovvero per il compimento di ricerche di mercato o di comunicazione commerciale interattiva, sia tramite servizi postali sia con strumenti telematici.</p>
<p>Il conferimento dei dati personali per tali finalità non è obbligatorio.</p>
<h3>2. Modalità di raccolta</h3>
<p>I dati sono raccolti presso l&#8217;interessato o presso terzi, per via diretta, telefonica, telematica o cartacea. In relazione alle finalità indicate, il trattamento dei dati avviene mediante strumenti manuali, informatici e telematici con logiche strettamente correlate alle finalità stesse e comunque in modo tale da garantire la sicurezza e la riservatezza dei dati stessi.</p>
<h3>3. Ambito di comunicazione e diffusione</h3>
<p>A)  I vostri dati detenuti potranno essere comunicati a soggetti cui disposizioni di legge danno facoltà di accesso ovvero soggetti ai quali si renda necessaria la comunicazione per lo svolgimento della nostra attività economica, tra i quali società, enti privati o pubblici (ad esempio: Agenzia delle entrate, spedizionieri, servizi postali, agenzie bancarie ed assicurative, altri professionisti esercenti attività economiche, ecc.), la cui attività sia connessa, strumentale o di supporto a quella della nostra Società o a quella relativa ai servizi a Voi riferiti.<br />
Il conferimento dei dati personali per tali finalità è obbligatorio; il rifiuto di fornirli comporta l&#8217;impossibilità a prestare il servizio.<br />
B)  I vostri dati non saranno diffusi.</p>
<h3>4. Base giuridica del trattamento</h3>
<p>Per le finalità di cui al punto 1a.i e 1a.ii &#8211; adempimento obbligo di legge: quando il trattamento dei dati è imposto da una legge, regolamento, etc.;<br />
Per le finalità di cui al punto 1a.iii, 1a.iv, 1a.v e 1a.vi &#8211; esecuzione di un contratto o di previsioni precontrattuali: quando il trattamento è necessario per adempiere ad un contratto voluto dall&#8217;interessato;<br />
Per le finalità di cui al punto 1a.vii interesse legittimo del Titolare: quando il trattamento è necessario per esigenze specifiche del titolare a condizione che il trattamento non sia eccessivamente invasivo per l&#8217;interessato;<br />
Per le finalità di cui al punto 1b &#8211; consenso dell&#8217;interessato: quando il trattamento dei dati viene esplicitamente autorizzato dall&#8217;interessato per una o più specifiche finalità;</p>
<h3>5. Periodo di conservazione dei dati</h3>
<p>I dati saranno conservati per un periodo non superiore a quello previsto dalle norme di legge per ogni singolo trattamento.</p>
<h3>6. Diritto di accesso ai dati personali ed altri diritti</h3>
<p>1.  L&#8217;interessato ha diritto di ottenere la conferma dell&#8217;esistenza o meno di dati personali che lo riguardano, anche se non ancora registrati, e la loro comunicazione in forma intelligibile.</p>
<p><strong>2.  L’interessato ha diritto di ottenere l’indicazione:</strong><br />
a)  dell’origine dei dati personali;<br />
b)  delle finalità e modalità del trattamento;<br />
c)  della logica applicata in caso di trattamento effettuato con l’ausilio di strumenti elettronici;<br />
d)  degli estremi identificativi del titolare, dei responsabili e del rappresentante designato;<br />
e)  dei soggetti o delle categorie di soggetti ai quali i dati personali possono essere comunicati o che possono venirne a conoscenza in qualità di rappresentante designato nel territorio dello Stato, di responsabili o incaricati.</p>
<p><strong>3.  L’interessato ha inoltre diritto di:</strong><br />
a)  ottenere l&#8217;aggiornamento, la rettifica, l&#8217;integrazione, la cancellazione, la revoca la trasformazione in forma anonima o la limitazione al trattamento dei dati trattati in violazione di legge, compresi quelli di cui non è necessaria la conservazione in relazione agli scopi per i quali i dati sono stati raccolti o successivamente trattati;<br />
b)  ottenere l&#8217;attestazione che le operazioni di cui alle lettere a) e b) sono state portate a conoscenza, anche per quanto riguarda il loro contenuto, di coloro ai quali i dati sono stati comunicati o diffusi, eccettuato il caso in cui tale adempimento si rivela impossibile o comporta un impiego di mezzi manifestamente sproporzionato rispetto al diritto tutelato.<br />
c)  presentare reclamo all’autorità di controllo in caso di trattamento illecito dei dati personali<br />
d)  ricevere comunicazioni in caso di violazioni dei dati</p>
<p><strong>4.  L’interessato ha diritto di opporsi, in tutto o in parte:<br />
</strong>a)  per motivi legittimi al trattamento dei dati personali che lo riguardano, ancorché pertinenti allo scopo della raccolta;</p>
<p>Il titolare del trattamento dei dati: TECNOIDEA Impianti S.r.l., Via Beato Angelico, 15, 20900 Monza MB<br />
Il responsabile del trattamento e della protezione dei dati: ing. Matteo Parolini</p>
